{"id":150,"date":"2014-11-06T15:21:15","date_gmt":"2014-11-06T15:21:15","guid":{"rendered":"http:\/\/egrisportcentrumse.hu\/egris\/?page_id=150"},"modified":"2015-06-08T10:50:02","modified_gmt":"2015-06-08T10:50:02","slug":"eredmenyek-megye-iv","status":"publish","type":"page","link":"http:\/\/egrisportcentrumse.hu\/egris\/eredmenyek-megye-iv\/","title":{"rendered":"Eredm\u00e9nyek &#8211; Megye IV."},"content":{"rendered":"<p><strong>Arany F\u00e1c\u00e1n Megye IV. &#8211; ESSE eredm\u00e9nyek<\/strong><\/p>\n<table border=\"0\" cellspacing=\"0\" cellpadding=\"0\">\n<tbody>\n<tr>\n<td width=\"64\" height=\"21\"><strong>D\u00e1tum<\/strong><\/td>\n<td width=\"69\"><strong>Csapat<\/strong><\/td>\n<td width=\"64\"><strong>Kezd\u00e9s<\/strong><\/td>\n<td width=\"137\"><strong>H\u00e1zigazda<\/strong><\/td>\n<td width=\"140\"><strong>Vend\u00e9g<\/strong><\/td>\n<td width=\"70\"><strong>Eredm\u00e9ny<\/strong><\/td>\n<\/tr>\n<tr>\n<td height=\"26\">m\u00e1rc.14<\/td>\n<td>Megye IV.<\/td>\n<td>14.30<\/td>\n<td>Kisk\u00f6re KLSE<\/td>\n<td>Egri Sportcentrum SE<\/td>\n<td style=\"text-align: center;\">\u00a03 : 1<\/td>\n<\/tr>\n<tr>\n<td height=\"26\">m\u00e1rc.22<\/td>\n<td>Megye IV.<\/td>\n<td>15.00<\/td>\n<td>Egri Sportcentrum SE<\/td>\n<td>V\u00e9cs KSK<\/td>\n<td style=\"text-align: center;\">\u00a04 : 1<\/td>\n<\/tr>\n<tr>\n<td height=\"26\">m\u00e1rc.29<\/td>\n<td>Megye IV.<\/td>\n<td>15.00<\/td>\n<td>Mik\u00f3falvi LC<\/td>\n<td>Egri Sportcentrum SE<\/td>\n<td style=\"text-align: center;\">0 : 1<\/td>\n<\/tr>\n<tr>\n<td height=\"26\">\u00e1pr.05<\/td>\n<td>Megye IV.<\/td>\n<td>16.30<\/td>\n<td>Egri Sportcentrum SE<\/td>\n<td>Balaton SE<\/td>\n<td style=\"text-align: center;\">\u00a04 : 1<\/td>\n<\/tr>\n<tr>\n<td height=\"26\">\u00e1pr.11<\/td>\n<td>Megye IV.<\/td>\n<td>16.30<\/td>\n<td>Met\u00e1ldeal-\u00c1t\u00e1nyi SE<\/td>\n<td>Egri Sportcentrum SE<\/td>\n<td style=\"text-align: center;\">\u00a01 : 1<\/td>\n<\/tr>\n<tr>\n<td height=\"26\">\u00e1pr.18<\/td>\n<td>Megye IV.<\/td>\n<td>17.00<\/td>\n<td>Hevesvezek\u00e9ny SE<\/td>\n<td>Egri Sportcentrum SE<\/td>\n<td style=\"text-align: center;\">\u00a02 : 0<\/td>\n<\/tr>\n<tr>\n<td height=\"26\">\u00e1pr.26.<\/td>\n<td>Megye IV.<\/td>\n<td>17.00<\/td>\n<td>Egri Sportcentrum SE<\/td>\n<td>Andornakt\u00e1lya SE<\/td>\n<td style=\"text-align: center;\">4 : 0<\/td>\n<\/tr>\n<tr>\n<td height=\"26\">m\u00e1j.03<\/td>\n<td>Megye IV.<\/td>\n<td>17.00<\/td>\n<td>Egri Sportcentrum SE<\/td>\n<td>Recsk SE<\/td>\n<td style=\"text-align: center;\">3 : 2<\/td>\n<\/tr>\n<tr>\n<td height=\"26\">m\u00e1j.10<\/td>\n<td>Megye IV.<\/td>\n<td>17.00<\/td>\n<td>Hevesi LSC<\/td>\n<td>Egri Sportcentrum SE<\/td>\n<td style=\"text-align: center;\">\u00a00 : 4<\/td>\n<\/tr>\n<tr>\n<td height=\"26\">m\u00e1j.17<\/td>\n<td>Megye IV.<\/td>\n<td>17.00<\/td>\n<td>Egri Sportcentrum SE<\/td>\n<td>Kisk\u00f6re KLSE<\/td>\n<td style=\"text-align: center;\">0 : 2<\/td>\n<\/tr>\n<tr>\n<td height=\"26\">m\u00e1j.24<\/td>\n<td>Megye IV.<\/td>\n<td>17.00<\/td>\n<td>V\u00e9cs KSK<\/td>\n<td>Egri Sportcentrum SE<\/td>\n<td style=\"text-align: center;\">\u00a01 : 7<\/td>\n<\/tr>\n<tr>\n<td height=\"26\">m\u00e1j.31<\/td>\n<td>Megye IV.<\/td>\n<td>17.00<\/td>\n<td>Egri Sportcentrum SE<\/td>\n<td>Mik\u00f3falvi LC<\/td>\n<td style=\"text-align: center;\">8 : 2<\/td>\n<\/tr>\n<tr>\n<td height=\"26\">j\u00fan.07<\/td>\n<td>Megye IV.<\/td>\n<td>17.00<\/td>\n<td>Balaton SE<\/td>\n<td>Egri Sportcentrum SE<\/td>\n<td style=\"text-align: center;\">0 : 3<\/td>\n<\/tr>\n<tr>\n<td height=\"26\">j\u00fan.14<\/td>\n<td>Megye IV.<\/td>\n<td>17.00<\/td>\n<td>Egri Sportcentrum SE<\/td>\n<td>Met\u00e1ldeal-\u00c1t\u00e1nyi Se<\/td>\n<td style=\"text-align: center;\"><\/td>\n<\/tr>\n<\/tbody>\n<\/table>\n<p>&nbsp;<\/p>\n<p style=\"text-align: center;\"><strong>Arany F\u00e1c\u00e1n Megye IV. Tabella<\/strong><\/p>\n<p style=\"text-align: center;\"><a href=\"http:\/\/egrisportcentrumse.hu\/egris\/wp-content\/uploads\/2014\/11\/balaton.png\"><img decoding=\"async\" loading=\"lazy\" class=\"alignnone wp-image-2875 size-full\" src=\"http:\/\/egrisportcentrumse.hu\/egris\/wp-content\/uploads\/2014\/11\/balaton.png\" alt=\"\" width=\"590\" height=\"188\" srcset=\"http:\/\/egrisportcentrumse.hu\/egris\/wp-content\/uploads\/2014\/11\/balaton.png 590w, http:\/\/egrisportcentrumse.hu\/egris\/wp-content\/uploads\/2014\/11\/balaton-300x96.png 300w\" sizes=\"(max-width: 590px) 100vw, 590px\" \/><\/a><\/p>\n","protected":false},"excerpt":{"rendered":"<p>Arany F\u00e1c\u00e1n Megye IV. &#8211; ESSE eredm\u00e9nyek D\u00e1tum Csapat Kezd\u00e9s H\u00e1zigazda Vend\u00e9g Eredm\u00e9ny m\u00e1rc.14 Megye IV. 14.30 Kisk\u00f6re KLSE Egri Sportcentrum SE \u00a03 : 1 m\u00e1rc.22 Megye IV. 15.00 Egri Sportcentrum SE V\u00e9cs KSK \u00a04 : 1 m\u00e1rc.29 Megye IV. 15.00 Mik\u00f3falvi LC Egri Sportcentrum SE 0 : 1 \u00e1pr.05 Megye IV. 16.30 Egri Sportcentrum [&hellip;]<\/p>\n","protected":false},"author":1,"featured_media":0,"parent":0,"menu_order":0,"comment_status":"open","ping_status":"open","template":"","meta":[],"_links":{"self":[{"href":"http:\/\/egrisportcentrumse.hu\/egris\/wp-json\/wp\/v2\/pages\/150"}],"collection":[{"href":"http:\/\/egrisportcentrumse.hu\/egris\/wp-json\/wp\/v2\/pages"}],"about":[{"href":"http:\/\/egrisportcentrumse.hu\/egris\/wp-json\/wp\/v2\/types\/page"}],"author":[{"embeddable":true,"href":"http:\/\/egrisportcentrumse.hu\/egris\/wp-json\/wp\/v2\/users\/1"}],"replies":[{"embeddable":true,"href":"http:\/\/egrisportcentrumse.hu\/egris\/wp-json\/wp\/v2\/comments?post=150"}],"version-history":[{"count":20,"href":"http:\/\/egrisportcentrumse.hu\/egris\/wp-json\/wp\/v2\/pages\/150\/revisions"}],"predecessor-version":[{"id":2876,"href":"http:\/\/egrisportcentrumse.hu\/egris\/wp-json\/wp\/v2\/pages\/150\/revisions\/2876"}],"wp:attachment":[{"href":"http:\/\/egrisportcentrumse.hu\/egris\/wp-json\/wp\/v2\/media?parent=150"}],"curies":[{"name":"wp","href":"https:\/\/api.w.org\/{rel}","templated":true}]}}