{"id":40,"date":"2014-11-06T14:42:23","date_gmt":"2014-11-06T14:42:23","guid":{"rendered":"http:\/\/egrisportcentrumse.hu\/egris\/?page_id=40"},"modified":"2016-03-03T21:19:18","modified_gmt":"2016-03-03T21:19:18","slug":"edzok","status":"publish","type":"page","link":"http:\/\/egrisportcentrumse.hu\/egris\/edzok\/","title":{"rendered":"Edz\u0151k"},"content":{"rendered":"<table>\n<tbody>\n<tr>\n<td width=\"307\"><\/td>\n<td width=\"307\"><\/td>\n<\/tr>\n<tr>\n<td width=\"307\">\n<p style=\"text-align: center;\"><strong>MONTVAI TIBOR<br \/>\n<\/strong><\/p>\n<p style=\"text-align: center;\"><strong><em>U19 edz\u0151<\/em><\/strong><\/p>\n<p style=\"text-align: center;\"><strong><em>UEFA B<br \/>\n<\/em><\/strong><\/p>\n<p style=\"text-align: center;\">e-mail: montvaitibor@freemail.hu<\/p>\n<p style=\"text-align: center;\">tel.: +36-30\/289-6971<\/p>\n<\/td>\n<td width=\"307\">\n<p style=\"text-align: center;\"><strong>P\u00c1PAI ZOLT\u00c1N<br \/>\n<\/strong><\/p>\n<p style=\"text-align: center;\"><strong><em>U17 edz\u0151<\/em><\/strong><\/p>\n<p style=\"text-align: center;\"><strong><em>UEFA B<br \/>\n<\/em><\/strong><\/p>\n<p style=\"text-align: center;\">e-mail: sajtpapai@gmail.com<\/p>\n<p style=\"text-align: center;\">tel.: +36-70\/330-81-92<\/p>\n<\/td>\n<\/tr>\n<tr>\n<td width=\"307\"><\/td>\n<td width=\"307\"><\/td>\n<\/tr>\n<tr>\n<td width=\"307\">\n<p style=\"text-align: center;\"><strong>SIPOS LAJOS<\/strong><\/p>\n<p style=\"text-align: center;\"><strong><em>U15 edz\u0151<\/em><\/strong><\/p>\n<p style=\"text-align: center;\"><strong><em>UEFA B<\/em><\/strong><\/p>\n<p style=\"text-align: center;\">e-mail: siposlajos0307@gmail.com<\/p>\n<p style=\"text-align: center;\">tel.: +36-20\/322-3939<\/p>\n<\/td>\n<td width=\"307\">\n<p style=\"text-align: center;\"><strong>SZ\u00c9KELY K\u00c1ROLY<\/strong><\/p>\n<p style=\"text-align: center;\"><strong><em>U14 edz\u0151<\/em><\/strong><\/p>\n<p style=\"text-align: center;\"><strong><em>UEFA B<\/em><\/strong><\/p>\n<p style=\"text-align: center;\">e-mail: szekelykaroy55@freemail.hu<\/p>\n<p style=\"text-align: center;\">tel.: +36-70\/218-2458<\/p>\n<\/td>\n<\/tr>\n<tr>\n<td width=\"307\"><\/td>\n<td width=\"307\"><\/td>\n<\/tr>\n<tr>\n<td width=\"307\">\n<p style=\"text-align: center;\"><strong>B\u00d3TA BAL\u00c1ZS<br \/>\n<\/strong><\/p>\n<p style=\"text-align: center;\"><strong><em>U13 edz\u0151<\/em><\/strong><\/p>\n<p style=\"text-align: center;\"><strong><em>MLSZ Grassroots C<br \/>\n<\/em><\/strong><\/p>\n<p style=\"text-align: center;\">e-mail: botabalazs@freemail.hu<\/p>\n<p style=\"text-align: center;\">tel.: +36-30\/713-7711<\/p>\n<\/td>\n<td width=\"307\">\n<p style=\"text-align: center;\"><strong>KER\u00c9KGY\u00c1RT\u00d3 TAM\u00c1S<\/strong><\/p>\n<p style=\"text-align: center;\"><strong><em>U12 edz\u0151<\/em><\/strong><\/p>\n<p style=\"text-align: center;\"><strong><em>MLSZ Grassroots C<\/em><\/strong><\/p>\n<p style=\"text-align: center;\">e-mail: tamaskerekgy@gmail.com<\/p>\n<p style=\"text-align: center;\">tel.: +36-30\/530-7796<\/p>\n<\/td>\n<\/tr>\n<tr>\n<td width=\"307\"><\/td>\n<td width=\"307\"><\/td>\n<\/tr>\n<tr>\n<td style=\"text-align: center;\" width=\"307\"><strong>D\u00d3CZI ISTV\u00c1N TAM\u00c1S <\/strong><\/p>\n<p><em><strong>U10-11 edz\u0151<\/strong><\/em><\/p>\n<p style=\"text-align: center;\"><em><strong>MLSZ Grassroots C<\/strong><\/em><\/p>\n<p style=\"text-align: center;\">e-mail: idoczi87@gmail.com<\/p>\n<p style=\"text-align: center;\">tel.: +36-20\/399-5618<\/p>\n<\/td>\n<td width=\"307\">\n<p style=\"text-align: center;\"><strong>F\u0170K\u0150 P\u00c9TER<\/strong><\/p>\n<p style=\"text-align: center;\"><strong><em>U8-9 edz\u0151<\/em><\/strong><\/p>\n<p style=\"text-align: center;\"><strong><em>MLSZ D<\/em><\/strong><\/p>\n<p style=\"text-align: center;\">e-mail.: fuko.peter@freemail.hu<\/p>\n<p style=\"text-align: center;\">tel.: +36-70\/411-6693<\/p>\n<\/td>\n<\/tr>\n<tr>\n<td width=\"307\"><\/td>\n<td width=\"307\"><\/td>\n<\/tr>\n<tr>\n<td width=\"307\">\n<p style=\"text-align: center;\"><strong>SZAK\u00c1L CSABA<br \/>\n<\/strong><\/p>\n<p style=\"text-align: center;\"><strong><em>U5-6-7 edz\u0151<\/em><\/strong><\/p>\n<p style=\"text-align: center;\"><strong><em>U8-9 edz\u0151<br \/>\n<\/em><\/strong><\/p>\n<p style=\"text-align: center;\"><strong><em>MLSZ Grassroots C<br \/>\n<\/em><\/strong><\/p>\n<p style=\"text-align: center;\">e-mail: szakal.csaba96@gmail.com<\/p>\n<p style=\"text-align: center;\">tel.: +36-70\/932-7130<\/p>\n<\/td>\n<td width=\"307\">\n<p style=\"text-align: center;\"><strong>S\u00d3S TAM\u00c1S<br \/>\n<\/strong><\/p>\n<p style=\"text-align: center;\"><strong><em>U10-11<\/em><\/strong><\/p>\n<p style=\"text-align: center;\"><strong><em>MLSZ Grassroots C<br \/>\n<\/em><\/strong><\/p>\n<p style=\"text-align: center;\">e-mail: sungi72@freemail.hu<\/p>\n<p style=\"text-align: center;\">tel.: +36-30\/413-9809<\/p>\n<\/td>\n<\/tr>\n<tr>\n<td width=\"307\"><\/td>\n<td width=\"307\"><\/td>\n<\/tr>\n<tr>\n<td style=\"text-align: center;\" width=\"307\">\n<p style=\"text-align: center;\"><strong>SZAMOSI SZABOLCS<\/strong><\/p>\n<p style=\"text-align: center;\"><strong><em>U5-6-7 edz\u0151<\/em><\/strong><\/p>\n<p style=\"text-align: center;\"><strong><em>MLSZ Grassroots C<\/em><\/strong><\/p>\n<p style=\"text-align: center;\">e-mail: szszamosi@yahoo.com<\/p>\n<p style=\"text-align: center;\">tel.: +36-30\/463-9556<\/p>\n<\/td>\n<td width=\"307\">\n<p style=\"text-align: center;\"><strong>ILLY\u00c9S D\u00c1NIEL<\/strong><\/p>\n<p style=\"text-align: center;\"><strong><em>kapusedz\u0151<\/em><\/strong><\/p>\n<p style=\"text-align: center;\"><strong><em>UEFA B<\/em><\/strong><\/p>\n<p style=\"text-align: center;\">e-mail: daniel.illyes@gmail.com<\/p>\n<p style=\"text-align: center;\">tel.: +36-70\/318-4110<\/p>\n<\/td>\n<\/tr>\n<tr>\n<td width=\"307\"><\/td>\n<\/tr>\n<tr>\n<td width=\"307\">\n<p style=\"text-align: center;\"><strong>\u00a0<\/strong><\/p>\n<\/td>\n<\/tr>\n<\/tbody>\n<\/table>\n","protected":false},"excerpt":{"rendered":"<p>MONTVAI TIBOR U19 edz\u0151 UEFA B e-mail: montvaitibor@freemail.hu tel.: +36-30\/289-6971 P\u00c1PAI ZOLT\u00c1N U17 edz\u0151 UEFA B e-mail: sajtpapai@gmail.com tel.: +36-70\/330-81-92 SIPOS LAJOS U15 edz\u0151 UEFA B e-mail: siposlajos0307@gmail.com tel.: +36-20\/322-3939 SZ\u00c9KELY K\u00c1ROLY U14 edz\u0151 UEFA B e-mail: szekelykaroy55@freemail.hu tel.: +36-70\/218-2458 B\u00d3TA BAL\u00c1ZS U13 edz\u0151 MLSZ Grassroots C e-mail: botabalazs@freemail.hu tel.: +36-30\/713-7711 KER\u00c9KGY\u00c1RT\u00d3 TAM\u00c1S U12 edz\u0151 [&hellip;]<\/p>\n","protected":false},"author":1,"featured_media":0,"parent":0,"menu_order":0,"comment_status":"open","ping_status":"open","template":"","meta":[],"_links":{"self":[{"href":"http:\/\/egrisportcentrumse.hu\/egris\/wp-json\/wp\/v2\/pages\/40"}],"collection":[{"href":"http:\/\/egrisportcentrumse.hu\/egris\/wp-json\/wp\/v2\/pages"}],"about":[{"href":"http:\/\/egrisportcentrumse.hu\/egris\/wp-json\/wp\/v2\/types\/page"}],"author":[{"embeddable":true,"href":"http:\/\/egrisportcentrumse.hu\/egris\/wp-json\/wp\/v2\/users\/1"}],"replies":[{"embeddable":true,"href":"http:\/\/egrisportcentrumse.hu\/egris\/wp-json\/wp\/v2\/comments?post=40"}],"version-history":[{"count":76,"href":"http:\/\/egrisportcentrumse.hu\/egris\/wp-json\/wp\/v2\/pages\/40\/revisions"}],"predecessor-version":[{"id":5305,"href":"http:\/\/egrisportcentrumse.hu\/egris\/wp-json\/wp\/v2\/pages\/40\/revisions\/5305"}],"wp:attachment":[{"href":"http:\/\/egrisportcentrumse.hu\/egris\/wp-json\/wp\/v2\/media?parent=40"}],"curies":[{"name":"wp","href":"https:\/\/api.w.org\/{rel}","templated":true}]}}